{"id":247,"date":"2019-03-07T08:39:52","date_gmt":"2019-03-07T07:39:52","guid":{"rendered":"http:\/\/pomoc.pryzmat.com\/?page_id=247"},"modified":"2024-11-08T15:06:48","modified_gmt":"2024-11-08T14:06:48","slug":"generator-stopek","status":"publish","type":"page","link":"https:\/\/pomoc.pryzmat.com\/index.php\/generator-stopek\/","title":{"rendered":"Generator stopek"},"content":{"rendered":"\n<p class=\"has-vivid-cyan-blue-color has-text-color\" style=\"font-size:23px\">Instrukcja generowania stopki<\/p>\n\n\n\n<p class=\"has-luminous-vivid-orange-color has-text-color\"><strong>Generator stopek dzia\u0142a poprawnie w przegl\u0105darce  Firefox, Chrome, MS Edge<\/strong><\/p>\n\n\n\n<p class=\"has-luminous-vivid-orange-color has-text-color\"><strong>Wygenerowan\u0105 stopk\u0119 nie mo\u017cna ju\u017c poprawia\u0107 i edytowa\u0107 w programie pocztowym.<\/strong><br><strong>Prosz\u0119 zatem nie dodawa\u0107 w\u0142asnych baner\u00f3w oraz dodatkowych tekst\u00f3w. \u00a0\u00a0\u00a0\u00a0\u00a0<\/strong><br><strong>Ka\u017cda taka zmiana powoduje usuni\u0119cie oryginalnych link\u00f3w do aktualnego banneru.<\/strong><br><strong>Je\u015bli chcemy wprowadzi\u0107 jakie\u015b zmiany, to stopk\u0119 nale\u017cy wygenerowa\u0107 ponownie.<\/strong><\/p>\n\n\n\n<p>Zasady tworzenia nowych stopek w generatorze <a href=\"http:\/\/stopki.pryzmat.com\/\">http:\/\/stopki.pryzmat.com\/<\/a> :<\/p>\n\n\n\n<p><strong>1. Dyrektorzy:<\/strong><\/p>\n\n\n\n<ul class=\"wp-block-list\">\n<li>wybieraj\u0105 odpowiedni\u0105 sp\u00f3\u0142k\u0119<\/li>\n\n\n\n<li>uzupe\u0142niaj\u0105 pola w obszarze \u201eDane osoby\u201d \u2013 imi\u0119 i nazwisko, stanowisko, telefon, adres e-mail<\/li>\n\n\n\n<li>pozosta\u0142e pola pozostawiaj\u0105 puste<\/li>\n<\/ul>\n\n\n\n<p><strong>2. Kierownicy i pracownicy punkt\u00f3w sprzeda\u017cy:<\/strong><\/p>\n\n\n\n<ul class=\"wp-block-list\">\n<li>wybieraj\u0105 odpowiedni\u0105 sp\u00f3\u0142k\u0119<\/li>\n\n\n\n<li>uzupe\u0142niaj\u0105 pola w obszarze \u201eDane osoby\u201d \u2013 imi\u0119 i nazwisko, stanowisko, telefon, adres e-mail<\/li>\n\n\n\n<li>pozosta\u0142e pola pozostawiaj\u0105 puste<\/li>\n\n\n\n<li>uzupe\u0142niaj\u0105 wszystkie pola w obszarze \u201eDane punktu sprzeda\u017cy\u201d \u2013 dane adresowe,      telefon, fax, adres e-mail<\/li>\n<\/ul>\n\n\n\n<p><strong>3. Pracownicy centrali:<\/strong><\/p>\n\n\n\n<ul class=\"wp-block-list\">\n<li>w sp\u00f3\u0142ce wybieraj\u0105 Pryzmat Centrala <\/li>\n\n\n\n<li>uzupe\u0142niaj\u0105 pola w obszarze \u201eDane osoby\u201d \u2013 imi\u0119 i nazwisko, stanowisko, telefon, adres e-mail<\/li>\n\n\n\n<li>pozosta\u0142e pola pozostawiaj\u0105 puste. <\/li>\n<\/ul>\n\n\n\n<p><br><br>Po wype\u0142nieniu odpowiednich p\u00f3\u0142 i wci\u015bni\u0119ciu \u201egeneruj\u201d otrzymujemy gotow\u0105 stopk\u0119. Dane mo\u017cna sprawdza\u0107 i korygowa\u0107 (\u201ezmie\u0144 dane\u201d). <br>Poprawny podpis nale\u017cy zapisa\u0107 (&#8222;zapisz stopk\u0119&#8221;) lub skopiowa\u0107 kod do schowka (&#8222;Kopiuj kod&#8221;) je\u015bli chcemy go u\u017cy\u0107 w panelu pocztowym Home.pl<\/p>\n\n\n\n<p>Ustawienie stworzonej i pobranej stopki jako podpisu wymaga wykonania kilku krok\u00f3w (chocia\u017c nie jest to proces czasoch\u0142onny), dlatego nale\u017cy post\u0119powa\u0107 zgodnie z instrukcj\u0105<br><br>Osoby, kt\u00f3re korzystaj\u0105 z MS Outlook:<\/p>\n\n\n\n<p>po wygenerowaniu i zapisaniu stopki (katalog \u201eDownloads\u201d) zamieniaj\u0105 t\u0105 obecn\u0105, kt\u00f3ra jest w katalogu <strong>%AppData%\\Microsoft\\Signatures<\/strong> na t\u0105 now\u0105 <strong>zachowuj\u0105c star\u0105 nazw\u0119 stopki<\/strong>, aby ju\u017c nic nie zmienia\u0107 w Outlooku<\/p>\n\n\n\n<p>Przed skopiowaniem stopki do katalogu \u201eSignatures\u201d wystarczy wcze\u015bniej zmieni\u0107 jej nazw\u0119 w katalogu \u201eDownloads\u201d na tak\u0105 sam\u0105, jaka jest obecnie u\u017cywana.<\/p>\n\n\n\n<p>Osoby, kt\u00f3re pracuj\u0105 na komputerach z Microsoft Office 2010 (Outlook 2010), katalog ze stopkami maj\u0105 w innej lokalizacji:\u00a0 <strong>%AppData%\\Microsoft\\Podpisy<\/strong><\/p>\n\n\n\n<p>Osoby, kt\u00f3re korzystaj\u0105 Thunderbird:<\/p>\n\n\n\n<p>po wygenerowaniu stopki kopiuj\u0105 kod HTML i wklejaj\u0105 go w konfiguracji konta w miejscu \u201eSyganturka\u201d zaznaczaj\u0105c \u201eU\u017cywaj HTML\u201d<\/p>\n\n\n\n<p>Poni\u017cej info jak \u201edosta\u0107\u201d si\u0119 do katalogu \u201eSignatures\u201d, gdzie s\u0105 przechowywane stopki dla MS Outlook:<\/p>\n\n\n\n<p>Windows 10<\/p>\n\n\n\n<figure class=\"wp-block-image size-full\"><img loading=\"lazy\" decoding=\"async\" width=\"718\" height=\"336\" src=\"https:\/\/pomoc.pryzmat.com\/wp-content\/uploads\/2024\/11\/Win10-Sign-1.jpg\" alt=\"\" class=\"wp-image-375\" srcset=\"https:\/\/pomoc.pryzmat.com\/wp-content\/uploads\/2024\/11\/Win10-Sign-1.jpg 718w, https:\/\/pomoc.pryzmat.com\/wp-content\/uploads\/2024\/11\/Win10-Sign-1-300x140.jpg 300w\" sizes=\"auto, (max-width: 718px) 100vw, 718px\" \/><\/figure>\n\n\n\n<p>Windows 11<\/p>\n\n\n\n<figure class=\"wp-block-image size-full\"><img loading=\"lazy\" decoding=\"async\" width=\"682\" height=\"364\" src=\"https:\/\/pomoc.pryzmat.com\/wp-content\/uploads\/2024\/11\/Win11-Sign-1.jpg\" alt=\"\" class=\"wp-image-376\" srcset=\"https:\/\/pomoc.pryzmat.com\/wp-content\/uploads\/2024\/11\/Win11-Sign-1.jpg 682w, https:\/\/pomoc.pryzmat.com\/wp-content\/uploads\/2024\/11\/Win11-Sign-1-300x160.jpg 300w\" sizes=\"auto, (max-width: 682px) 100vw, 682px\" \/><\/figure>\n\n\n\n<p>oraz info, gdzie wklei\u0107 stopk\u0119 w Thunderbird:<\/p>\n\n\n\n<figure class=\"wp-block-image size-full\"><img loading=\"lazy\" decoding=\"async\" width=\"850\" height=\"488\" src=\"https:\/\/pomoc.pryzmat.com\/wp-content\/uploads\/2024\/11\/Thunderbird-1.jpg\" alt=\"\" class=\"wp-image-377\" srcset=\"https:\/\/pomoc.pryzmat.com\/wp-content\/uploads\/2024\/11\/Thunderbird-1.jpg 850w, https:\/\/pomoc.pryzmat.com\/wp-content\/uploads\/2024\/11\/Thunderbird-1-300x172.jpg 300w, https:\/\/pomoc.pryzmat.com\/wp-content\/uploads\/2024\/11\/Thunderbird-1-768x441.jpg 768w\" sizes=\"auto, (max-width: 706px) 89vw, (max-width: 767px) 82vw, 740px\" \/><\/figure>\n","protected":false},"excerpt":{"rendered":"<p>Instrukcja generowania stopki Generator stopek dzia\u0142a poprawnie w przegl\u0105darce Firefox, Chrome, MS Edge Wygenerowan\u0105 stopk\u0119 nie mo\u017cna ju\u017c poprawia\u0107 i edytowa\u0107 w programie pocztowym.Prosz\u0119 zatem nie dodawa\u0107 w\u0142asnych baner\u00f3w oraz dodatkowych tekst\u00f3w. \u00a0\u00a0\u00a0\u00a0\u00a0Ka\u017cda taka zmiana powoduje usuni\u0119cie oryginalnych link\u00f3w do aktualnego banneru.Je\u015bli chcemy wprowadzi\u0107 jakie\u015b zmiany, to stopk\u0119 nale\u017cy wygenerowa\u0107 ponownie. Zasady tworzenia nowych stopek &hellip; <\/p>\n<p class=\"link-more\"><a href=\"https:\/\/pomoc.pryzmat.com\/index.php\/generator-stopek\/\" class=\"more-link\">Czytaj dalej<span class=\"screen-reader-text\"> \u201eGenerator stopek\u201d<\/span><\/a><\/p>\n","protected":false},"author":1,"featured_media":0,"parent":0,"menu_order":0,"comment_status":"closed","ping_status":"closed","template":"","meta":{"footnotes":""},"class_list":["post-247","page","type-page","status-publish","hentry"],"_links":{"self":[{"href":"https:\/\/pomoc.pryzmat.com\/index.php\/wp-json\/wp\/v2\/pages\/247","targetHints":{"allow":["GET"]}}],"collection":[{"href":"https:\/\/pomoc.pryzmat.com\/index.php\/wp-json\/wp\/v2\/pages"}],"about":[{"href":"https:\/\/pomoc.pryzmat.com\/index.php\/wp-json\/wp\/v2\/types\/page"}],"author":[{"embeddable":true,"href":"https:\/\/pomoc.pryzmat.com\/index.php\/wp-json\/wp\/v2\/users\/1"}],"replies":[{"embeddable":true,"href":"https:\/\/pomoc.pryzmat.com\/index.php\/wp-json\/wp\/v2\/comments?post=247"}],"version-history":[{"count":17,"href":"https:\/\/pomoc.pryzmat.com\/index.php\/wp-json\/wp\/v2\/pages\/247\/revisions"}],"predecessor-version":[{"id":382,"href":"https:\/\/pomoc.pryzmat.com\/index.php\/wp-json\/wp\/v2\/pages\/247\/revisions\/382"}],"wp:attachment":[{"href":"https:\/\/pomoc.pryzmat.com\/index.php\/wp-json\/wp\/v2\/media?parent=247"}],"curies":[{"name":"wp","href":"https:\/\/api.w.org\/{rel}","templated":true}]}}